52 - -60. Calculate the highest common divisor of b and m.
8
Let d(k) = -49*k + 128. Let q be d(-4). Suppose 5*m + 108 = 8*m. Calculate the greatest common factor of q and m.
36
Let q = 218 - 146. Suppose 103*i - 105*i = -q. Calculate the greatest common factor of i and 12.
12
Suppose 0 = -2*u + 10, 2*v - 2*u - 19 + 1 = 0. Let y = 3196 + -2930. Calculate the highest common factor of v and y.
14
Suppose 0 = -5*z + 5*n + 80, -5*z - 6*n + 80 = -4*n. Suppose -2*h - 36 = -p, z + 55 = 2*p - 5*h. What is the highest common divisor of p and 95?
19
Suppose -24*y - 41*y = -4*y - 78995. What is the highest common divisor of 28 and y?
7
Let n = -9579 + 10429. What is the greatest common factor of 350 and n?
50
Let i be 167/((-17)/(-68)*(1 + 1)*1). What is the highest common factor of i and 9185?
167
Let l be 44 + -1 - (-9)/(-3). Let d be 4*10/(-540) + (-137)/(-27). What is the highest common factor of l and d?
5
Suppose g + 348*u - 352*u = 154, -3*g = 5*u - 445. Calculate the greatest common factor of g and 1440.
30
Suppose -10*k = -0*k - 480. Let i(w) = w**3 + 12*w**2 + 25*w - 6. Let x be i(-6). What is the greatest common divisor of x and k?
12
Suppose 0*w + 4*w = -3*b + 1545, 5*b = 5*w - 1905. Let z be (-24)/(-306)*w + (-4)/34. Calculate the highest common divisor of 510 and z.
30
Let p(s) = 6 + 2 - 21 - 16 + 8*s. Let m be p(4). Suppose 5*t + m*n = 30, -3 + 1 = -3*t - 5*n. What is the highest common divisor of t and 117?
9
Suppose -5*n + 5 = i, 4*n + 0 - 4 = 2*i. Suppose -2*l = 10 - 2, -4*a = -5*l - 52. Calculate the greatest common divisor of a and n.
1
Suppose 9*m + 60 = 10*m. Let v(j) = -j**3 + 15*j**2 - 11*j - 18. Let t be v(14). Let p = t + -14. What is the greatest common factor of p and m?
10
Let i(g) be the first derivative of 6*g**2 - 103*g - 84. Let d be i(26). Calculate the highest common factor of d and 11.
11
Suppose 31*i - 32*i = -16. What is the highest common divisor of i and 1168?
16
Let k be (-1128)/(-47) + 1*-5. Let p(o) = 66*o + 81. Let a be p(k). What is the greatest common divisor of a and 15?
15
Let d(f) = f**3 - 2*f**2 - 8*f + 74. Let r be d(13). Calculate the highest common divisor of 59 and r.
59
Let i = 730 + -63. Suppose 661*c = i*c - 144. Calculate the greatest common factor of 6 and c.
6
Let q = 129 + -119. Suppose 2*j = 68 + q. Calculate the highest common divisor of 39 and j.
39
Suppose -2237 = -34*c + 4314 + 113. Calculate the greatest common factor of c and 1036.
28
Suppose 8 = 14*b - 12*b. Suppose 4*m - 108 = -b*t, -2*m + 29 = -t - 2*t. Let z = 76 - -1. What is the greatest common factor of m and z?
11
Let h be (67/(-2))/((-18)/(-72)). Let r = -143 - h. Let w(f) = -2*f - 1. Let t be w(r). What is the highest common divisor of t and 187?
17
Let u = -30 - -35. Suppose -u*r - 147 + 502 = 0. Suppose -3*j + 145 = -r. Calculate the highest common divisor of j and 9.
9
Let x(u) = u**3 + 6*u**2 - 3*u - 16. Let q be x(-6). Suppose 27 = q*c + c. Let j(g) = -g + 40. Let h be j(4). What is the highest common divisor of c and h?
9
Suppose -4*n - 6 = -2*z, z = -n - 4*n + 38. Let u = 62 + 12. Suppose 4*o - 253 = -3*q, -300 = -4*q + 2*o + u. What is the highest common divisor of q and z?
13
Let q(t) = 6*t**2 - 27*t - 77. Let n be q(10). Suppose -4*x = n - 1265. What is the highest common divisor of 11 and x?
11
Suppose -218*k + 66423 + 19487 = 890. Calculate the greatest common divisor of k and 885.
15
Let j = 7269 + 1012. What is the highest common divisor of 169 and j?
169
Let k be (-1)/(-1) - (-1098)/6. Suppose -32*s + 3*l + 183 = -28*s, -4*s + 4*l + k = 0. What is the greatest common divisor of s and 360?
45
Suppose 0 = 386*p - 381*p - 85. Let v(w) = -50*w**3 + 52*w**3 - 8*w**2 + 3 - 5*w**2 - 5*w. Let y be v(7). What is the highest common factor of y and p?
17
Let k(o) be the second derivative of o**4/6 + 29*o**3/3 + 73*o**2/2 + 55*o - 2. Let j be k(-29). Calculate the greatest common factor of j and 803.
73
Suppose 0 = -f + 9*k - 13*k, -2*f = 4*k - 28. Calculate the highest common factor of 152 and f.
4
Let s = -119 - -123. Suppose -2*z + 17 = k, -s*z = 5*k - 4*k - 21. What is the highest common factor of 5 and k?
1
Let k = -37 - -31. Let b be 9/k*30/9 + 65. Calculate the highest common divisor of 25 and b.
5
Let c = 335 - 143. Suppose 197*v = c*v + 990. Calculate the greatest common factor of v and 18.
18
Let t be 44/(-1012) + 278/46. Calculate the greatest common factor of 6618 and t.
6
Let v(y) = y**2 + 35*y + 179. Let m be v(-29). Suppose 0 = -m*p + 10 + 5. Let t(g) = -26*g + 1. Let q be t(-1). Calculate the greatest common factor of p and q.
3
Let q(y) = -y + 3. Let u be q(4). Let w be 14/2 - (u + 1). Let m be (-2)/w + 300/21. Calculate the greatest common factor of m and 154.
14
Let k be ((-4)/(-16))/(28/192528). Calculate the highest common divisor of k and 191.
191
Let j be 6*(-2)/(-18)*(1 - 109). Let l = -61 - j. What is the greatest common divisor of 110 and l?
11
Suppose -26131 + 102881 = 556*w - 551*w. Calculate the highest common divisor of w and 50.
50
Suppose 2107 = 41*f - 230. What is the highest common factor of f and 1368?
57
Suppose -x = -2 - 3, -x = -k - 15. Let q be 6/(-7)*70/k. Let a be (-10 + 13)*8/q. Calculate the highest common divisor of a and 44.
4
Let j be 591 + (0 - -3)*-1. Suppose 1089 = -464*f + 3230 + 3427. What is the greatest common divisor of j and f?
12
Let c(z) = z**2 + 6*z + 7. Let x be c(-6). Suppose 12*d - 6*d - 2268 = -102*d. What is the greatest common factor of d and x?
7
Suppose 30*u - 39*u + 477 = 0. What is the greatest common factor of 7 and u?
1
Let g = -36 - -255. Let a = -158 + g. Calculate the highest common factor of 122 and a.
61
Let o be (-24)/(-30)*(0 + 2 + 18). Suppose 0*k + o = 4*k. Let c be k/10*(110 - 20). What is the highest common factor of c and 6?
6
Suppose -3*j = 45*n - 43*n - 5315, 0 = -5*j + 5*n + 8850. Calculate the highest common factor of j and 385.
77
Let d be 5/((-80)/(-36))*4. Let f = 824 + -455. What is the highest common factor of d and f?
9
Suppose -3*m = 4*a - 1117, a - 3*m + 177 - 445 = 0. Suppose 2*d + r - a = 0, 3*d - 5*r + 51 - 460 = 0. Calculate the highest common divisor of d and 6.
6
Let l(z) = 5*z + 36. Let k be 141/27 + -5 - 38/9. Let a be l(k). What is the greatest common factor of 4 and a?
4
Let s(r) = 1317*r + 14586. Let l be s(-11). Calculate the greatest common divisor of l and 638.
11
Let w be 342/(-2*21/18 + (-24)/(-8)). Calculate the greatest common divisor of 5871 and w.
57
Suppose -5*r + 616 - 228 = 4*j, 4*r + 5*j = 323. What is the greatest common divisor of 104 and r?
8
Let b(a) be the second derivative of -a**5/20 + a**4/12 + a**3/3 + 7*a**2/2 + 15*a - 3. Let w be b(0). Calculate the greatest common factor of 84 and w.
7
Let y(j) = -1083*j + 5782. Let v be y(4). What is the highest common factor of 812 and v?
58
Let l(u) = 5*u**2 - 23*u + 95. Let c be l(6). Suppose -13*h + 500 + c = 0. What is the greatest common divisor of h and 98?
49
Let y be 6 + 1638/(-24) + 10/8. Let x = 152 + y. Calculate the greatest common divisor of 247 and x.
13
Let i(c) = -51*c**2 + 29*c**2 - 8*c + 23*c**2 + 9. Let z be i(7). Let u = -24 + 27. Calculate the greatest common factor of z and u.
1
Let m = -45 + 47. Suppose -8*k - 2 = -m. Suppose 3*r - 2*q - 38 = k, -4*r - q - 4*q + 20 = 0. What is the highest common divisor of r and 10?
10
Suppose a - 5*q + 394 = 10, -5*a - 1828 = -2*q. Let x be (2 - (-4)/(-7))/((-4)/a). What is the greatest common factor of x and 90?
10
Suppose c - 53 = 55. Let m = 721 + -673. Calculate the greatest common divisor of c and m.
12
Let u be ((-76)/8 + 3)*-2. Let w = 26 - u. Suppose 0 = -0*q + 4*q - 156. What is the highest common divisor of w and q?
13
Let h(b) = -14*b**3 - 9*b**2 - 19*b - 25. Let q be h(-2). What is the greatest common divisor of q and 13172?
89
Suppose 5*c - 269 + 1434 = 0. Let r = -188 - c. What is the greatest common divisor of r and 9?
9
Let f = 319 - 147. Let k = f + -167. Let n be -2 + (-3)/(6/(-8)). What is the greatest common factor of k and n?
1
Suppose -15 = -9*x - 141. Let a be (-1802)/x + (-2)/(-7). Suppose -4*d + 155 = 2*c - a, 0 = 3*d + 3*c - 216. Calculate the greatest common factor of d and 35.
35
Let w be ((-6)/9)/((-3)/(-54)). Suppose -2*q + 164 = 5*x - 18, -x = 5*q - 41. Let v = x - w. 